3260, 53253 = 5*r + l*o - 56*o. Is r composite?
False
Let q = 650583 - 443840. Is q a composite number?
True
Let c be ((-7)/(-1))/((-77)/(-22)). Suppose 5*r - 4185 = -c*t, 4 = t - 1. Is r a prime number?
False
Suppose 1028683 - 571367 = 27*c - 1570627. Is c composite?
False
Let x = 45551 + 10934. Suppose -x + 14828 = -11*s. Is s a composite number?
True
Let a = 3649 - 1832. Suppose 1927 = 3*f - c, -a = -5*f - 2*c + 1380. Is f a prime number?
True
Let w be -11 + (-16533)/(-45) + (-4)/10. Let j = w + -215. Is j prime?
False
Let t be 2178/(8 - 9) + -1*2. Let k = t + 4031. Is k prime?
False
Is 2*(-125167)/70*(0 - 5) a prime number?
True
Let y(n) be the first derivative of 334/3*n**3 - 5 - 3/2*n**2 - 2*n. Is y(-1) a prime number?
False
Let y(s) = -35*s**2 + 8*s + 176153. Is y(0) prime?
True
Let f(w) = w**2 - 4*w - 3. Let k be f(5). Suppose 7 = 3*d - 4*g, -3*g = -2*d + g + k. Suppose -4*l - 1796 = -q + 745, d*q - l = 12667. Is q a composite number?
True
Suppose 0 = 3*u - 11*t + 9*t - 273629, 0 = 3*t + 12. Is u a composite number?
True
Let y = -133689 - -310108. Is y a composite number?
False
Suppose -4*q - 14777 = 16391. Is 4/(-14) + q/(-28) prime?
False
Let q = 5 - -2. Let d(r) = r**3 - 8*r**2 + 11*r - 25. Let f be d(q). Suppose 5*k = -3*o + 7687, 5*o - 7228 - 5629 = f*k. Is o a prime number?
False
Suppose -2*h - 18 = -22. Let j(k) = 10*k - 21*k**h + 11 + 27*k - 11*k + 3*k**3 - 2*k**3. Is j(20) a composite number?
False
Suppose -2*a = -2*f - 522718, 2*a + 21*f - 16*f = 522718. Is a prime?
False
Let v(i) = -6*i**2 - 20*i - 11. Let n(t) = -t**2 - t - 1. Let b(x) = 5*n(x) - v(x). Let p be b(-19). Suppose 590 = 4*y + p. Is y a composite number?
False
Suppose 53*y - 21*y = 1088. Suppose 2*k - y*t - 11397 = -29*t, 28575 = 5*k + 4*t. Is k a prime number?
True
Suppose -254082 = -56*v + 14*v - 60*v. Is v composite?
True
Let j(s) be the third derivative of -7/24*s**4 - 1/20*s**5 + s**3 + 0 + 1/24*s**6 + 41*s**2 + 0*s. Is j(5) prime?
True
Is (-1 + -11)*(319/44)/(-29) + 5620 prime?
True
Suppose -3*g + g + 7273 = -3*u, 10 = 5*g. Is (u/(-6) - 1) + (-1)/(-6) composite?
True
Suppose -4*l + 2*b + 88480 = 0, 5*l = -2*b + 109498 + 1111. Is l prime?
False
Let w(o) = o + 6. Let s be w(-8). Let j be (s + (-20972)/(-16))*(-8)/(-3). Let c = j - 1851. Is c prime?
False
Let a = -429 + 1004. Let w = -342 + a. Is w a composite number?
False
Let g(d) = -7*d**3 + 27*d**2 + 13*d - 140. Is g(-23) a composite number?
False
Suppose -13*r - 2 = -2. Suppose r = 5*a - 797 - 3148. Is a a composite number?
True
Let x(h) = 3*h**3 - 11*h**2 - 3*h - 10. Let p = -29 + 70. Let y = p - 32. Is x(y) composite?
False
Suppose 476643 = 5*k + 4*q, 1731*k + 3*q = 1734*k - 285975. Is k a prime number?
True
Is ((-6)/2)/((-177)/97291) a prime number?
False
Let h = 79971 - -27326. Is h prime?
False
Suppose -5*k - 5*t = -2*t - 23, -5*k = -t - 19. Suppose -k*i - i + 38978 = 3*z, 0 = -2*i - 3*z + 15593. Is i a composite number?
True
Let n(p) = p**3 - 42*p**2 + 35*p + 89. Suppose -27*h = -h - 1144. Is n(h) a composite number?
False
Let i = 19 + 15. Let j be (-4)/(-34) + (200/i - 2). Suppose 3*m + 0*y = -j*y + 6877, -3*m + 6853 = -2*y. Is m composite?
False
Let v = 64922 + -43911. Is v composite?
False
Suppose 4*d - 4*b = -5*b + 24, -b - 12 = -2*d. Is 5 - d - (-6562 + 2) composite?
True
Suppose 2*d - 2*w - 622304 = 0, 3*d - 120*w = -118*w + 933453. Is d a composite number?
True
Let x(k) be the second derivative of 7/3*k**3 - 5*k - 1/12*k**4 + 0 - k**2. Is x(8) a composite number?
True
Suppose -i + 2*u = 5 - 0, 0 = i + 5*u - 23. Suppose m + 2 = -4*b, -i*m + 11 = -2*b + 3. Is 4/b*(-2 + 2205/(-20)) composite?
False
Suppose -5*g + 4*g = k + 8186, 5*k + 4*g + 40932 = 0. Let h = k - -13625. Is h a prime number?
True
Suppose 0 = -104*m + 274*m - 401502770. Is m a prime number?
True
Let m(l) = -l**3 - 26*l**2 - 28*l - 47. Let y be m(-25). Suppose y*o - 215103 = 7*o. Is o prime?
True
Is ((-2499453)/(-27) + -4)/((-20)/(-12)) a prime number?
True
Let s(c) = 23*c**3 + 3*c**2 - 41*c + 51. Let l(t) = -12*t**3 - 2*t**2 + 21*t - 26. Let y(f) = 5*l(f) + 3*s(f). Is y(7) a prime number?
False
Suppose -21199 = -12*c - 6247. Suppose -2*l + c - 4893 = -b, -4*b = -3*l - 14563. Is b a composite number?
False
Let m = 21 - 19. Suppose 0 = 2*f - 2*v - 786, 5*f + m*v + v = 1981. Is f a composite number?
True
Suppose -3*d + 19 = -5*r, 0 = r - 0*r - 1. Let v be (d - 4)*11985/20. Suppose 5*w + i = v, 5*i = 4*w - 1388 - 518. Is w prime?
True
Suppose -4*g + 30*w = 29*w - 414242, 0 = -w - 6. Is g composite?
True
Let i = -478750 + 1574821. Is i a composite number?
True
Let f(k) = k**3 + 26*k**2 - 2*k - 45. Let s be f(-26). Suppose -s*r - 18*r = -292925. Is r a composite number?
False
Let b(m) = m + 3. Let a be b(-5). Let x be ((-1)/(-4))/(a/(-16)). Suppose x*h - 5*d - 212 = -2*d, d = -h + 106. Is h a composite number?
True
Let n = -88485 + 60883. Let w = 49563 + n. Is w a composite number?
False
Let a(t) = -15503*t + 435. Is a(-2) a composite number?
True
Let v(a) = 13818*a + 3647. Is v(5) composite?
True
Let v(p) = -232*p + 1622. Let d be v(7). Let n(w) be the second derivative of -241*w**3/6 - w**2/2 - w. Is n(d) a composite number?
True
Is ((-81170439)/(-3345))/((-1 + -1)/(-10)) a prime number?
False
Let n = -13902 - -15456. Let z = 97 - 14. Let r = z + n. Is r a composite number?
False
Suppose 154556 = 5*m + 3461. Suppose 11*s - m = 48112. Is s a composite number?
False
Let i(l) be the third derivative of -l**6/60 - l**5/10 + 5*l**4/12 + 13*l**3/6 + 5*l**2. Let k be i(-8). Suppose -4*r = -r - k. Is r a composite number?
False
Let d(v) = -v**3 + 4*v**2 - 2*v + 1. Let j be d(3). Let a(t) = 2551*t**3 + 5*t**2 - 32*t + 51. Let h be a(2). Suppose 0 = -11*c - j*c + h. Is c composite?
False
Let g(j) = 3545*j - 561. Is g(16) prime?
False
Let r = 8 + -14. Suppose -6*i - 238 = -17068. Is i/22 + (r/4)/3 a prime number?
True
Is 14521 + -4 - (0 - 8*4/(-8)) prime?
False
Let x(j) = 42491*j**3 + 29*j**2 - 8*j + 11. Is x(5) composite?
False
Suppose -40 = -5*n - o, 5*o - 8 + 69 = 4*n. Suppose 0 = 3*l + 5*j + 12, -4*j + n = 3*l - 6*j. Is 2438 + l*(-3 + (-8)/(-4)) a prime number?
True
Suppose 5*f = 13*f - 128. Let q(r) = 3*r**2 - 37*r - 7. Let b be q(f). Suppose 14*p - 13*p = b. Is p prime?
False
Let w(q) = 18924*q - 86. Let x be w(-3). Let y = -29401 - x. Is y composite?
False
Is (0 - (-2031954)/18)*-1*-3 a composite number?
False
Let u = 1915 + 26406. Is u composite?
True
Let w = -10 - -57. Let l = w + -44. Is 3295/(-60)*l*(0 + -4) prime?
True
Suppose 975*b - 95167 = 968*b - 22304. Is b a prime number?
False
Let q = -1339 - -8618. Is q composite?
True
Suppose 6*t + 3644 = 2*t. Let r(l) = -74*l**3 + 3*l**2 - l + 6. Let v be r(3). Let j = t - v. Is j a prime number?
False
Let y = 386480 - -125527. Is y composite?
True
Let g(z) = -42*z + 1733. Is g(-12) a prime number?
True
Suppose -524032 = -2*o + a, 5*o + 4*a + 361392 - 1671511 = 0. Is o a prime number?
False
Let u = -74906 - -106533. Is u prime?
True
Let m = 59545 + 60294. Is m composite?
False
Let y(x) = 71920*x - 15229. Is y(6) composite?
False
Suppose 2*x - 5*l - 219 = 42, -x + 2*l + 131 = 0. Let c = 2514 + x. Is c a composite number?
False
Suppose 12*t = 25*t - 963192 - 3749139. Is t composite?
True
Suppose 3*z - 51 = 3*y, -2*z + 0*z - 4*y + 16 = 0. Suppose -z*c + 17*c = 15. Is ((-586)/c)/(12/(-30)) a prime number?
True
Let f be 180/2*(-4)/(-3). Suppose -19*n = 20*n - 21021. Let t = n - f. Is t a composite number?
False
Suppose -3*c - 248 = -4*c. Suppose 187911 = -239*h + c*h. Is h prime?
True
Suppose -165034 = -2*s + 33*j - 38*j, 4*s + j = 330104. Is s composite?
True
Let c(a) be the third derivative of 73*a**5/60 - a**4/4 + 11*a**3/3 - 10*a**2. Let b be c(-7). Let j = b - -1050. Is j prime?
True
Let h be (-204)/(205/(-220) - (-6)/33). Suppose -h = -5*j + 998. Is j composite?
True
Let o(l) = 194*l**2 - 186*l + 7155. Is o(31) a prime number?
True
Let d = 130 - 61. Suppose q + d = -r, 264 = r - 5*r + 2*q. Is r/8*34*-4 prime?
False
Let b(q) = 36*q - 4. Let m be b(-5). Suppose 38*f - 28*f = 4350. Let x = m + f. Is x prime?
True
Let t be -22*216 + -1 + 2. Let y(d) = -38*d**2 + 31*d + 98. Let n be y(-6). Let g = n - t. Is g prime?
False
Let x be ((-5)/(-7))/((-6)/(-42)). Suppose -4*l + 1 + 15 = 2*v, 0 